+ -52. Suppose c + 4*c - w = 0. What is the remainder when 60 is divided by c?
18
Suppose z - 5*h + 25 = -z, 3*z + 2*h - 10 = 0. Suppose z*m - 20 = -m. Calculate the remainder when 54 is divided by m.
14
Let a(g) = -19*g + 3. Let n be a(2). Let o = n + 52. What is the remainder when (-10)/(-12) + (-13125)/(-450) is divided by o?
13
Let f = 10 - 6. Let c = 1302 + -1291. What is the remainder when c is divided by f?
3
Calculate the remainder when (-1166784)/(-1770) - ((-8)/(-10))/(-1) is divided by 13.
10
Let m(y) = 13*y**2 + 56*y + 103. Let g(c) = -3*c**2 - 14*c - 26. Let a(f) = 9*g(f) + 2*m(f). Calculate the remainder when a(-8) is divided by 8.
4
Let l be (-5)/((288/(-15))/(-6) - 3). Suppose 4*w = 2*z + 252, 8 = 3*w - 7*w. Calculate the remainder when 25 is divided by z/l*5/2.
12
Suppose -5*h + 0*r = 5*r + 10, 0 = 2*h - 2*r - 16. Suppose -h*y + 11 = -5*s, 2*s = -0*y - 4*y + 6. What is the remainder when 67 - 0/(y + -1) is divided by 17?
16
Let h be (14/8)/(1/(-4)). Let f(b) = -b**2 - 6*b + 8. Let p(r) = 5*r**2 + 64*r - 12. Calculate the remainder when p(-13) is divided by f(h).
0
Let k(o) = 3*o - 19. What is the remainder when 51 is divided by k(10)?
7
Let r(l) = -13*l**2 - 2*l - 5 - 3*l**2 + 18*l**2. Let d = 6 - 2. Calculate the remainder when r(d) is divided by 11.
8
Suppose 0 = 3*k - 17*x + 18*x - 64, -116 = -5*k - 4*x. Calculate the remainder when k is divided by 13.
7
Suppose p + 6 = 4*t - 1, -t - 22 = -5*p. Suppose -21 = 4*f - p. Let i(a) = -2*a**3 - 7*a**2 - 3*a + 4. Calculate the remainder when 94 is divided by i(f).
30
Suppose 13 = -3*x + m, -2*x - 4*m = x + 8. Calculate the remainder when 120/28 + x/14 is divided by 3.
1
Suppose -y + 50*s - 45*s + 37 = 0, -5*y - s = -185. What is the remainder when 44 is divided by y?
7
Let b = 763 + -543. Calculate the remainder when b is divided by 56.
52
Suppose -4*i + 0*i = -256. Let t = i - 38. What is the remainder when t is divided by 15?
11
Let k(z) = 5*z - 78. Calculate the remainder when 464 is divided by k(26).
48
Let y(w) = -1 - 4 - 2*w**2 + w**3 - 3*w**2 + 4*w. Let t = 17533 + -17511. Calculate the remainder when t is divided by y(5).
7
Let z(o) = -o**2 - 8*o + 5. Let i be z(-9). Let c be (6/4)/((-3)/i). Suppose -c - 43 = -3*g. What is the remainder when 43 is divided by g?
13
Let l(m) = -5*m**2 - 4 + m**2 - 8*m**2 - 5*m. Let g(n) = 25*n**2 + 11*n + 9. Let t(f) = -6*g(f) - 14*l(f). What is the remainder when t(-2) is divided by 34?
32
Let z(j) = -j**2 + 14*j - 12. Let w be z(13). Let q be w/(-6) + 574/(-84). Let f = 28 + q. Calculate the remainder when 62 is divided by f.
20
Let l(g) = -g**3 - 9*g**2 - g - 2. Let m be l(-11). Suppose -5*d + m = -84. What is the remainder when d is divided by 23?
21
Let f = 239 + 172. Calculate the remainder when f is divided by 83.
79
Suppose 0 = -a + 4 - 1. Suppose h = 4*g - 11, -a = g + 5*h + 10. What is the remainder when (-70)/(-12) + (-15)/(-90) is divided by g?
0
Suppose 5*z + 2*l = 4*l - 139, -5*l + 118 = -4*z. Let a = z - -107. Calculate the remainder when a is divided by 28.
24
Suppose 0 = -8*j - 132 + 604. Calculate the remainder when 1828 is divided by j.
58
Let x(c) = -2*c**2 + 15*c + 8. Let j be x(8). Suppose o + 4*r = 28, 4 + j = 3*o - 4*r. Calculate the remainder when 15 is divided by o.
7
Let t(m) = 4*m**3 - m**2 + m. Let k(c) = 3*c**3 - c**2 + 2*c + 2. Let n be k(-1). Calculate the remainder when -5*5/(10/n) + 1 is divided by t(1).
3
Let u be 1*(-1)/(93/(-24) + 4). Let p = u - -12. Calculate the remainder when p is divided by 1.
0
Let y = -51 + 133. Let s(i) be the third derivative of i**4/8 - i**3/2 + 5*i**2. Calculate the remainder when y is divided by s(8).
19
Suppose -14 = 2*t - 36. Suppose t*m - 44 = 7*m. What is the remainder when 31 is divided by m?
9
Let c(o) be the second derivative of -13*o**3/3 - 2*o**2 + 4*o. Let g be c(-2). Suppose g = 3*k + 9. Calculate the remainder when k is divided by 8.
5
Let y(b) = -2*b**2 + 15*b. Suppose q + 2*l = -12, 5*q - 2*l + 96 = -0*q. What is the remainder when (-3)/((-1)/(q/(-3))) is divided by y(7)?
4
Let m be (-10 + 3 + -3)*-2. Suppose 4*x + m = 8*x. Calculate the remainder when 15 is divided by x.
0
Suppose 3*h - 5*m = 119, 3*h + 0*m = -3*m + 87. Let d = 40 - h. What is the remainder when 47 is divided by d?
5
Suppose -2*w + 3*g = -583, w - g - 341 = -50. Let c be (-7)/21 + w/6. Let y = c + -31. What is the remainder when 31 is divided by y?
14
Suppose 0 = 17*u - 326 + 156. What is the remainder when (-164)/(-6) - 2/6 is divided by u?
7
Let n(d) = -213*d**3 + d**2 - 2*d + 1. Let l be n(1). Let g = l + 342. Suppose 7*b + 10 = g. What is the remainder when 67 is divided by b?
16
Suppose 5*o - 10*o = -115. Let p = o + -21. Suppose -6*r + p*r + 60 = 0. Calculate the remainder when 59 is divided by r.
14
Let t = 555 - 387. Calculate the remainder when t is divided by 15.
3
Let q(c) = -4 + c**2 - 3*c + 5*c + 0*c. Let t be q(-6). Suppose 5*p = t, 2*z - 4*p - 44 = -3*p. Calculate the remainder when 47 is divided by z.
23
Let f = -1 - -2. Let g(n) = -2*n**2 - 23*n - 32. Calculate the remainder when g(-8) is divided by 54/4 - f/2.
11
Let s(b) = -2*b**2 - 16*b + 9. Let z = 33 + -8. What is the remainder when z is divided by s(-8)?
7
Let h(u) = 2*u**2 + 2 - 6*u + 4 - 8. Calculate the remainder when h(-4) is divided by 19.
16
Suppose -4*x + 13 = -d, d + 4*x + 10 - 37 = 0. Suppose 5*b - 45 = 2*o, -2*o = -b + 10 + 15. Let f = d - o. What is the remainder when 33 is divided by f?
16
Suppose -5*b = -5, -2*x + 8*b = 3*b - 183. What is the remainder when x is divided by 33?
28
Suppose 4*z = 5*u - 340, -u = 4*z + 168 + 148. Calculate the remainder when (z/(-28))/((-4)/(-140)) is divided by 17.
15
Let j(g) = -3*g - 16. Let s be j(0). Let t = 18 + s. Suppose -3*p - 4*y = -55, t*y = 2*p - y - 65. Calculate the remainder when 97 is divided by p.
22
Let w(z) = -z + 13. Let q be w(6). Suppose -c = 4*g - 37, 0 = -3*c - 2*g + 88 - q. What is the remainder when c is divided by 13?
12
Suppose -5*p = -0*p. Calculate the remainder when 2*(21/2 + -2) is divided by (p + 2)*9/2.
8
Let r = 30 - 47. What is the remainder when (-2)/r + 695/17 is divided by 16?
9
Let l be -1 + 1*(-7 - -1). Suppose -4*g - 5*y - 16 = 0, 5*g - 3*y = -7*y - 20. Let t = g - l. Calculate the remainder when 8 is divided by t.
2
Suppose 5*q + 176 = 496. Let w(b) = b**3 + 7*b**2 - 11*b + 4. Let l be w(4). Suppose l = 5*o + 26. What is the remainder when q is divided by o?
20
Let o(u) = u**3 + u + 12. Let s(y) = y**3 + 8*y**2 + y + 4. Let i be s(-8). Let x(p) = p + 4. Let t be x(i). What is the remainder when 34 is divided by o(t)?
10
Let j(h) = h**3 - 5*h**2 + 2*h + 16. Calculate the remainder when j(4) is divided by 4.
0
Suppose -4*o + 31 = u, -3*u + 8 = -3*o - 2*o. Suppose u*c = -8 + 41. What is the remainder when 15 is divided by c?
0
Let n(z) = -z**3 - z + 23. Let o be n(0). Suppose -28 = -o*u + 19*u. Calculate the remainder when 34 is divided by u.
6
Suppose -3*j = 18*j - 462. What is the remainder when j is divided by 6?
4
Let d(l) = 4*l**2 + 3*l**2 - 6*l**2. Calculate the remainder when d(5) is divided by 14.
11
Calculate the remainder when (-934)/(-22) - 1050/(-1925) is divided by (30/(-8))/(1/(-4)).
13
Suppose 3*a = 10 - 4. Suppose -3*f = 14 - a. What is the remainder when 6 is divided by (-12)/(f/1)*1?
0
Let y(p) = -p**2 - 10*p - 11. Suppose 103 = 4*w - 3*t, -2 = t + t. Let i = 19 - w. What is the remainder when y(i) is divided by 8?
5
Let k(n) = n**3 - 5*n**2 + 8*n + 5. What is the remainder when k(5) is divided by 15?
0
Let c(s) = 6*s**2 - 2*s + 4. Calculate the remainder when 230 is divided by c(1).
6
Let r = 743 + -688. Calculate the remainder when 383 is divided by r.
53
Let w(u) = 3 + 10*u + 8*u - 22 - 6*u. What is the remainder when w(3) is divided by 13?
4
Let k(c) = -1 - 6*c**2 + 2*c - c**3 + 7*c + 12*c**2. Calculate the remainder when 24 is divided by k(7).
11
Let x(v) = 25*v - 2. Let l be (3/(-2))/(33/(-44)). Let f be x(l). Suppose -p = -5*p + f. Calculate the remainder when 46 is divided by p.
10
Let n = 31 - 13. Suppose 4 - 13 = -3*f, -4*b - 5*f = -587. What is the remainder when b is divided by n?
17
Let n(a) = 18 + 6 + a**2 + 2*a + 19. What is the remainder when 257 is divided by n(0)?
42
Let s = 11 + -9. Suppose 0 = -2*a +